s (-2)/(885/(-879) - c) a composite number?
False
Is ((-6402330)/(-40))/3 - (-3)/12 a prime number?
True
Let g(r) = -23 - 16 - 20 - 228*r - 2. Is g(-11) prime?
True
Let c be 39/(-3)*-1*(2 - 1). Is ((-2)/(c - 7))/((-1)/699) prime?
True
Suppose -q + 2*g - 307 = 0, 5*g + 590 = -2*q + 3*g. Let r = q - -560. Is -2 - -1 - r/(-3) a prime number?
False
Suppose 2*m = -2*m + 1524. Suppose -2*n - 5*y + 1099 = 0, -2*n + 0*n + 1078 = -2*y. Let p = n - m. Is p composite?
True
Let t be (62/(-6)*3)/(2/(-50)). Suppose -t + 6050 = 5*c. Is c prime?
False
Let b be 5 + (-6 - (2 + -5)). Let l(a) = -2*a**b + 7*a + 1 + 9*a**2 - 2. Is l(6) composite?
False
Is ((-77)/(-11) - 6)/((-2)/(-29734)) prime?
True
Suppose 4*i = 11*i - 14. Is i/7 - (-8850)/42 a composite number?
False
Let o(a) = -214*a + 65. Let w(g) = -43*g + 13. Let q(j) = 2*o(j) - 11*w(j). Is q(6) prime?
True
Let l be -34*-1*17/2. Suppose -5*k + l = -4*k. Suppose f + 86 = k. Is f a composite number?
True
Let t(z) = z**2 - 56*z + 43. Is t(-22) prime?
True
Suppose 20*r = 16*r + 7244. Is r a prime number?
True
Let h be (-2)/4 + 2/(-4). Is 2333 - (0 - 0)/(h + -2) prime?
True
Let x = -1765 + 1946. Suppose t + 0*t = 5*n - 23, -5*n = -2*t - 21. Suppose -201 = -t*p + x. Is p a prime number?
True
Suppose 33*r + 762 = -3495. Let d be 3 + -5 - (-187 + -1). Let n = d + r. Is n prime?
False
Let b be 15/(-35) - 150/(-7). Is (18573/b - (-3)/(-7)) + 2 a prime number?
False
Suppose -2*s - c + 1 = 0, -3*s + 2*c + 4 = -5*s. Suppose s*x - 919 = 2*x. Is x a composite number?
False
Let f be -1*(3 - 5)*1. Suppose 2*u = c - 27, 0*u + f*c - 30 = 2*u. Is 394/12 - 2/u a prime number?
False
Let f(u) = u**2 - 7*u + 6. Let s be f(6). Suppose s = 2*i - 8, 3*q + i - 9 - 1 = 0. Suppose q*r - 3*m = 257, 256 = r + r - 2*m. Is r a prime number?
True
Suppose 3*b - 56320 - 186930 = v, -3*v + 15 = 0. Is b prime?
False
Let x be (-47)/(-3) - 4/6. Let y = -11 + x. Suppose o = -y*o + 565. Is o a prime number?
True
Suppose 8*i - 24 = -0. Suppose -10*y + i*y + 1022 = 0. Is y composite?
True
Let o = 485 - -588. Is o a prime number?
False
Let f = -1513 - -2730. Is -4 - (5 + -9 - f) a composite number?
False
Suppose -p + 4 = 0, 0*c - 2009 = -3*c - 2*p. Suppose c = 6*x - 5*x. Let q = 1116 - x. Is q a prime number?
True
Suppose 4*c = 2*x - 19 + 53, 5*c + x - 53 = 0. Suppose 5*o = c*o - 895. Is o prime?
True
Suppose 11044 = 9*d - 7469. Suppose 4*w = -0*w + 5*z + 4103, -3*z = 2*w - d. Is w composite?
True
Let z(w) be the first derivative of w**4/6 + 5*w**3/3 + 3*w**2/2 + 5*w - 2. Let m(x) be the first derivative of z(x). Is m(-7) a prime number?
True
Is (-17780)/(-8) - (-24)/(-16) a prime number?
True
Let l(h) = h**2 - 2*h - 4. Suppose -3*p - 5*k - 13 = 0, 5 = -2*p + 5*k + 38. Let i be l(p). Suppose -99 = -4*b - 4*n + 109, b = -i*n + 49. Is b prime?
True
Suppose 3*q = 8*q + 4*l - 15, 2*q - 6 = -5*l. Suppose -10 = -4*u + 5*b + q, 4*b - 19 = -u. Let w(d) = 5*d**2 - 2*d - 10. Is w(u) prime?
False
Suppose 3*y - 1512 = 3*a, -5*y + a - 518 = -3030. Suppose 4*f + 2*k = y, 2*f - 149 = -5*k + 90. Is f a composite number?
False
Let h(j) be the first derivative of -j**3/3 + j**2/2 + 25*j + 4. Let o(s) = s - 9. Let a be o(9). Is h(a) a prime number?
False
Suppose -d = 2*f - 5, 8 = -5*f + 3*d + 26. Suppose 2*u = f*u - 2. Suppose 0 = u*m + 47 - 259. Is m a prime number?
False
Let a be (-1)/(3*(-1)/1161). Let m = a - -62. Is m a prime number?
True
Suppose 0*l - 9 = -m - 3*l, 0 = -5*m - 2*l - 20. Let n(b) = 2*b + 6. Let g be n(m). Let t = g + 20. Is t a composite number?
True
Is (-33204)/18*-6 - (0 + -3) composite?
False
Suppose -3*o + 5*g + 2 = -o, 13 = -o - g. Let b(p) = -51*p - 44. Is b(o) composite?
True
Suppose -25 = -5*z, -2*y + 24613 = 2*z - 7*z. Is y a composite number?
True
Let d = -15219 - -6381. Is d/(-14) - 38/133 prime?
True
Let g(h) = 10*h**2 + 26*h + 195. Is g(-31) a composite number?
False
Let z = -3 - -4. Let f be (-8)/24*(z - 562). Let h = f + -104. Is h composite?
False
Let g be (-4 - (-35)/10)*-4. Suppose -i - 4*f = -491, 5*i - g*f - 2054 = i. Is i/3*(6 - 3) prime?
False
Let t(g) = 61*g**2 - g - 4. Let m be t(-3). Suppose 0 = w + 324 + m. Let v = w + 1453. Is v composite?
True
Let o(f) = f**2 + f + 4. Let h be o(-2). Suppose h*r = -r. Suppose 3*x + r*x = 885. Is x a prime number?
False
Suppose 2 + 3 = y. Let l be 2 + 2 + -2 - -4*494. Suppose -y*g - 513 = -l. Is g a prime number?
True
Suppose -2*i + 13 - 7 = 0. Suppose l - 5*y = 802, -l + 792 = 2*y + i*y. Is l a prime number?
True
Let l(f) = -39*f + 67. Is l(-21) a composite number?
True
Let f be -6*((-8245)/10 + -2). Suppose 3*j + f = 3*g, g - 7*j + 3*j = 1647. Is g composite?
True
Suppose 5*y - 3*n - 7173 = 2*y, 5*n + 9560 = 4*y. Is y composite?
True
Let j(i) be the first derivative of 411*i**2/2 - 29*i + 20. Is j(6) a prime number?
True
Suppose -3*d - 2*d - 4*q + 45 = 0, 4*q - 5 = 3*d. Suppose g - 5 + 0 = 0. Suppose 0 = -2*f - g*j + 386 - 132, 635 = 5*f - d*j. Is f prime?
True
Let i be 12 - -6*1/(-1 + -1). Suppose i*f + 2*f - 12947 = 0. Is f prime?
False
Let j(u) = 2*u**3 + u**2 - 5*u + 2. Let t be j(2). Suppose 3*g = -2*g - 10425. Is (-3)/t - g/4 a composite number?
False
Let q = 200 + 429. Is q composite?
True
Let j = 2500 - 4896. Let n = j + 4254. Is n composite?
True
Let x = 7500 + 2281. Is x a prime number?
True
Let g(y) be the first derivative of 485*y**3/3 + 2*y**2 + y - 5. Is g(2) a composite number?
False
Suppose 8316 + 30272 = 4*a. Is a composite?
True
Let b(a) = 62*a**3 - a**2 + 2*a - 1. Let t be b(2). Suppose 3*v + t = -2*v. Let o = v - -256. Is o prime?
True
Is ((-261624)/(-4))/(-6)*(-2 - -1) a prime number?
False
Let i(c) = -c**3 - 5*c**2 + 6*c - 2. Let g be i(-6). Is (-2186)/g - (10 - 14) a composite number?
False
Is (-5897)/(14 - 6 - 9) composite?
False
Let v = 81 + -77. Suppose v*o - 650 = 194. Is o a composite number?
False
Let h be (-3)/(-9)*5*3. Suppose 0*d - 4445 = -h*d. Suppose -4*w + 5*w - d = 0. Is w composite?
True
Suppose -4*p + p + 5 = 2*t, -5*p = -5*t + 50. Suppose 2*z - 10467 = -t*z. Is z a composite number?
False
Suppose -4*v - 3 = 5*i, 6*i - 3 = 3*i. Is (v/((-8)/(-178)))/(1/(-2)) prime?
True
Suppose -9503 = -7*i + 7262. Is i a prime number?
False
Is (14064/10 + 5)/((-4)/(-20)) a composite number?
False
Let m = 77571 + -48676. Is m composite?
True
Let w(s) = -49*s. Let l be w(-5). Suppose -2*k - 2*k - 5*x = -187, -5*k - 4*x = -l. Let t = k - 2. Is t prime?
False
Let p(i) = -29497*i + 69. Is p(-2) a prime number?
True
Let n = -566 + 570. Suppose -1 = w - 3. Suppose -2*m = -0*l + n*l - 436, -5*m + 218 = w*l. Is l a composite number?
False
Suppose 31*r = 17*r + 10346. Is r a composite number?
False
Is (-8)/36 + 84719/9 prime?
True
Let t = 32 + 155. Let g(d) = 5*d - 187*d**2 + t*d**2 - 1 + d**3. Is g(5) prime?
True
Suppose m + 6 = 15. Let g = 12 - m. Suppose -2*a - 9 = a, -336 = -g*n - a. Is n composite?
False
Let d be 4*2 + (-8 - -8). Let z = 7 - d. Is 0/(-7) + (-113)/z composite?
False
Suppose 0 = -w + 4*f - 1, -5*w - 2*f - 49 = 0. Let x be (-96)/w*(-225)/(-12). Let z = x + 131. Is z a composite number?
False
Let v = -10756 + 24927. Is v prime?
False
Let z(h) = -8*h + 7. Let c be (-4)/6 - 18/(-27). Suppose -10 = g - c. Is z(g) a composite number?
True
Let n(a) = 139*a**2 - 2*a + 7. Let l be n(3). Suppose 2*p + 3*o = 754, -4*p - 5*o + l = -256. Is p a composite number?
True
Suppose -3*i + 3*c + c = -3343, 0 = -2*c - 8. Is i a prime number?
True
Suppose 4634 = 2*x - 1552. Is x a composite number?
True
Is (-54)/(-432) + ((-10927)/(-8) - -1) prime?
True
Let n = -44 + 37. Is (1 - 4 - -1) + (-1267)/n composite?
False
Suppose -u - i = u - 108242, i = 5*u - 270619. Is u composite?
True
Suppose -29608 = -x + 7971. Is x composite?
False
Is (11 + -7462)/(-3 - -2) composite?
False
Suppose r = -0*r + 16. Suppose 5*b = -q + 3304, -3*q = -2*b - 753 + 2061. Is 4*(b/r + 1) a prime number?
False
Let d(v) = 3*v**3 - 7*v**2 + 4*v + 1. Is d(9) composite?
False
Let t be 1/(-5 - -2)*6. Let y(k) = -61*k**3 - 3*k**2 - 5*k - 5. Is y(t) composite?
True
Suppose 19*x - 101376 = 62119. Is x a prime number?
False
Let m(k) = 109*k**2 - 33*k + 11. Is m(10) prime?
False
Suppose -16 = 4*p, -2*x - 5*p - 4 = -3*p. Is -1838*(2/4 + (x - 3)) a prime number?
True
Suppose 6*q = 3*f + q - 65, 0 = 3*f + 5*q - 25. I